r of 5 and u?
5
Suppose 2*p - 4*p - 358 = -5*w, 0 = -5*w. Let a = p + 185. Calculate the greatest common factor of a and 24.
6
Suppose -8 = -4*y + 8. Suppose -3*q = -3*s + 69, -s - y*s = -2*q - 130. Let o(u) = 10*u - 26. Let r be o(4). Calculate the greatest common divisor of r and s.
14
Let w be (89 - -210) + 5/(-1). Let n be (3 + -1 - -3)*1 + 1. Calculate the highest common divisor of n and w.
6
Let p(f) = 15*f + 388. Let w be p(-23). Suppose 4*s + 1423 = 3*g, -2*g + 0*s + 943 = 3*s. Calculate the greatest common factor of g and w.
43
Let s = 12324 + -12296. Calculate the greatest common divisor of 1444 and s.
4
Let u be 46/3 - (-1)/(-3). Let s(f) = -f**2 + 3*f - 3. Let a be s(3). Let b be (-3)/(-2)*(5 + a). What is the greatest common factor of u and b?
3
Let t(r) = 8*r**3 + 7*r**2 - 8*r - 8. Let q be t(3). Let o = -245 + q. What is the highest common factor of o and 13?
1
Let q(y) = 2*y**2 + 4*y + 60. Let j be q(37). What is the highest common factor of 12 and j?
6
Let w(m) be the second derivative of -m**4/12 + 9*m**3/2 + 67*m**2 - 102*m. Let r be w(17). Calculate the highest common divisor of r and 8.
8
Let r = 12099 + -10883. What is the greatest common factor of r and 988?
76
Suppose -24*o + 240 + 240 = 0. Calculate the greatest common factor of o and 4930.
10
Suppose f + 4 = -3*f, 5*d - 2*f - 187 = 0. Let k be (-2)/(-4)*(71 - -747) - 2. What is the greatest common divisor of d and k?
37
Suppose -112*x + 113*x = -s + 989, -1 = -x. Calculate the highest common divisor of 468 and s.
52
Let l be (-35)/(((-3)/(-4))/(-3)). Suppose -11*z - 27*z = -2280. Suppose -37*o = -1235 - z. Calculate the greatest common factor of o and l.
35
Let p = 541 + -336. Suppose -9*t + 286 = -83. Calculate the greatest common factor of t and p.
41
Suppose -3385 = -6*y + 5*y + 9*r, 3*y = -2*r + 9952. Calculate the greatest common factor of 154 and y.
22
Let n(r) = r**3 - 7*r**2 - 28*r + 124. Let m be n(10). Suppose v = -4 + 22. What is the highest common factor of v and m?
18
Suppose 0 = -71*k + 65*k - 1536. Let i = k - -294. What is the highest common divisor of i and 76?
38
Let v(n) = 4*n + 4. Let k(d) = -d + 1. Let t(f) = -5*k(f) - v(f). Suppose 2*j - 88 = -6*j. Let h be t(j). Calculate the highest common divisor of h and 6.
2
Suppose -4*n = -r - 287, 3*n + 0*n = -3*r - 846. Let p = r + 397. What is the highest common divisor of 76 and p?
38
Suppose 256*s - 2256 = 209*s. Suppose 0 = 5*i - 5*b - 2525, 4*i - 3*b = 1288 + 731. What is the highest common divisor of i and s?
24
Suppose -20*d + 39*d - 24*d + 16985 = 0. What is the highest common divisor of d and 237?
79
Let k be 2/(-4) - (-79)/2. Suppose -18*w = -32*w. Suppose w = -11*i - 2*i + 2028. What is the highest common divisor of k and i?
39
Let r = -174 - -72. Let v be (-4)/(-5) + r/(-85). Suppose g - 68 = -3*y, -4*y + 84 + 0 = -2*g. What is the greatest common factor of y and v?
2
Suppose -4*n = 3*n - 14. Suppose -5*f + w + 598 = 0, -n*f + 232 = -w - 3*w. What is the greatest common factor of 80 and f?
40
Let a = -2460 - -2516. Calculate the greatest common factor of 376 and a.
8
Let r = -30 + 100. Let y = 125 - r. What is the highest common divisor of 33 and y?
11
Let p(a) = 62*a - 2830. Let b be p(47). Let x(z) = -z**2 - 10*z. Let i be x(-7). What is the greatest common divisor of b and i?
21
Suppose -119 = -u + j, -2*u - 5*j + 232 = -4*j. Suppose 0 = -5*g + k + u, -g - 8*k = -10*k - 27. Calculate the greatest common divisor of 529 and g.
23
Suppose -44*c = -101*c + 44*c + 1209. What is the highest common factor of 155 and c?
31
Suppose -28*y = -156214 + 11398. What is the highest common factor of 12 and y?
12
Suppose p - 87 = -2*p + 4*j, 0 = -3*p + 3*j + 87. Let w = -44 - -64. Suppose -21*k + w*k = -145. Calculate the greatest common factor of k and p.
29
Let s be (-8)/12 + 76/6. Let y = -19007 + 19139. What is the highest common factor of s and y?
12
Suppose 0 = 6*q + 7 - 169. Let s = 40 - q. Let a = 212 + -95. Calculate the highest common divisor of s and a.
13
Let n(j) = -436*j - 801. Let y be n(-4). Calculate the greatest common divisor of 23 and y.
23
Let x = 347 + -347. Let j = 63 - 42. Suppose -l - j + 26 = x. What is the greatest common factor of 10 and l?
5
Suppose 0 = 1549*v - 1545*v - 2*f - 724, -5*f = -3*v + 550. Suppose 5*h = 3 + 2, -141 = -3*d + 3*h. Calculate the greatest common divisor of d and v.
12
Let k be 946/154 + (-345)/161. What is the greatest common divisor of 108 and k?
4
Suppose -d - 2*s = -8, 0*s - 1 = s. Let k(u) = -u**2 + 13*u + 20. Let h be k(d). Calculate the greatest common factor of h and 25.
25
Suppose 170 = 4*o + 2*j, 0 = -2*o - 6*j + 10*j + 70. Suppose -n + 18*q - 21*q = -36, n + 4*q = o. What is the highest common factor of n and 231?
21
Let r be 8/(-9 - -11) - (-172)/1. Suppose f - t + 16 = -4*f, t - 1 = 0. Let w be (16/12)/(f/(-36)). Calculate the greatest common factor of w and r.
16
Suppose 0 = s - 3*c - 2, -3*s - 2*s + c = -10. Let q = 318 + -310. Let a(x) = -3*x**2 + 27*x + 2. Let l be a(q). What is the highest common factor of s and l?
2
Let f(x) = x**2 - 10*x + 1640. Let p be f(0). What is the highest common divisor of 80 and p?
40
Let m be (-41188)/(-112) + (-2)/(-8). Suppose 3*o = 5*o + 430. Let t = m + o. What is the greatest common factor of 17 and t?
17
Let y be 1 - 6/((-18)/957). Let r = -221 + y. What is the highest common factor of 9 and r?
9
Let l = -8920 + 9633. Calculate the greatest common factor of 62 and l.
31
Let i = -298 - -672. Suppose -17*b - i + 1088 = 0. What is the greatest common factor of 63 and b?
21
Let o(x) = 739*x + 11796. Let b be o(19). Calculate the highest common divisor of b and 14.
7
Let t(x) = -37*x + 77. Let c be t(2). Suppose -512 = c*m - 11*m. What is the highest common factor of m and 1?
1
Suppose 0 = 3*v + 5*m - 175, 38*v + 185 = 41*v - 5*m. What is the greatest common factor of 705 and v?
15
Let h be (1 + 33)*4/2. Suppose 0 = j - 3*j + h. Let v = 18240 - 18206. Calculate the greatest common divisor of v and j.
34
Suppose -15*c = -40*c + 69300. Calculate the highest common factor of 28 and c.
28
Let v(t) = 11*t + 8. Suppose 9*n + 3 = 10*n. Let d be v(n). What is the greatest common divisor of 328 and d?
41
Let l = 172661 + -172544. Let t(v) = 9*v. Let p be t(1). What is the highest common factor of p and l?
9
Suppose -175 = 19*u - 12*u. Let o be (0/(-1))/(5/(u/15)). Suppose 4*k + 2*j = 20, o*k + 2*j + 12 = 4*k. Calculate the greatest common divisor of k and 68.
4
Let b = -35 - -35. Suppose b = 2*x - o - 10, 0*x - 2*x + 10 = -3*o. Let r be (-2)/x*(-56 + -4). Calculate the highest common divisor of r and 120.
24
Let p(t) = -t**3 + 17*t**2 - 62*t - 85. Let f be p(9). Calculate the greatest common divisor of 440 and f.
5
Suppose -4*t + 2*q + 12 = 0, t + 2*t + 4*q = -13. Let m be t*3 - (-91)/(-13). Let b be (3 + -73 + 0)*(1 + m). What is the greatest common factor of 21 and b?
21
Suppose -y + 4*d = 332 - 1468, 3*d + 2252 = 2*y. What is the greatest common divisor of 420 and y?
140
Let g(f) = -381*f + 131. Let y be g(-3). What is the greatest common divisor of y and 52?
26
Suppose -4*k - 40 = -3*q + 42, 154 = 5*q + 2*k. Suppose -930 = q*j - 32*j. Calculate the greatest common divisor of 15 and j.
15
Let y = 165 - 98. Suppose -m + 211 = y. Let j = m + -126. What is the greatest common factor of j and 36?
18
Let u = 91 - 65. Let g = u + -24. Suppose -r = g*n - 197, -4*n + 2*r = n - 497. Calculate the greatest common divisor of n and 33.
33
Let w(r) = -r**2 - r + 99. Let t be w(0). Suppose 208*q + 245*q - 5958 = 122*q. Calculate the greatest common divisor of q and t.
9
Suppose 2*n - 2*v = 96, -2*v + 261 = 7*n - 2*n. Let y = n + -11. Suppose 5*a = -y + 215. Calculate the highest common factor of 140 and a.
35
Let i = 3083 - 2927. What is the highest common factor of 2520 and i?
12
Let u = 1368 - 456. Calculate the highest common factor of u and 204.
12
Let l(p) = -p**2 - 25*p - 136. Let y be l(-8). Suppose y = 2*j - 7*j - 2*g + 191, 0 = -4*j - 2*g + 154. What is the highest common divisor of j and 333?
37
Let f = 8 - 34. Let c = 34 + f. Suppose -5*r - 8 + 22 = -q, -4*q = -4*r + c. Calculate the greatest common divisor of 24 and r.
3
Let a be 1*15 - 301/((-15050)/13200). Suppose -107 = -4*z + 141. Calculate the greatest comm